Dec 01 06:21:09.852 INFO testing peterdn/shutter against master#8940af3cea4a9a9deabcaf843b2f8cad9a83fc61 for beta-1.31-5
Dec 01 06:21:09.854 INFO running `"docker" "create" "-v" "/mnt/big/crater/work/local/target-dirs/beta-1.31-5/worker-3/master#8940af3cea4a9a9deabcaf843b2f8cad9a83fc61:/target:rw,Z" "-v" "/mnt/big/crater/work/local/test-source/worker-3/beta-1.31-5/master#8940af3cea4a9a9deabcaf843b2f8cad9a83fc61:/source:ro,Z" "-v" "/mnt/big/crater/work/local/cargo-home:/cargo-home:ro,Z" "-v" "/mnt/big/crater/work/local/rustup-home:/rustup-home:ro,Z" "-e" "USER_ID=1000" "-e" "SOURCE_DIR=/source" "-e" "USER_ID=1000" "-e" "CMD=cargo +8940af3cea4a9a9deabcaf843b2f8cad9a83fc61-alt build --frozen" "-e" "CARGO_TARGET_DIR=/target" "-e" "CARGO_INCREMENTAL=0" "-e" "RUST_BACKTRACE=full" "-e" "RUSTFLAGS=--cap-lints=warn" "-e" "CARGO_HOME=/cargo-home" "-e" "RUSTUP_HOME=/rustup-home" "-m" "1536M" "--network" "none" "crater"`
Dec 01 06:21:10.112 INFO [stdout] ec46070815cbfd7e42c005595112a6ba67f5ed8b25a5db1d7f805ef475cd9f32
Dec 01 06:21:10.117 INFO running `"docker" "start" "-a" "ec46070815cbfd7e42c005595112a6ba67f5ed8b25a5db1d7f805ef475cd9f32"`
Dec 01 06:21:11.182 INFO [stderr] usermod: no changes
Dec 01 06:21:11.531 INFO [stderr]    Compiling clap v2.31.2
Dec 01 06:21:11.567 INFO [stderr]    Compiling serde_derive v1.0.65
Dec 01 06:21:11.567 INFO [stderr]    Compiling rayon v1.0.1
Dec 01 06:21:11.575 INFO [stderr]    Compiling failure v0.1.1
Dec 01 06:21:42.563 INFO [stderr]    Compiling instagram-scraper v0.1.0 (/source)
Dec 01 06:21:54.147 INFO [stderr]     Finished dev [unoptimized + debuginfo] target(s) in 42.93s
Dec 01 06:21:54.163 INFO [stderr] su: No module specific data is present
Dec 01 06:21:54.747 INFO running `"docker" "inspect" "ec46070815cbfd7e42c005595112a6ba67f5ed8b25a5db1d7f805ef475cd9f32"`
Dec 01 06:21:54.993 INFO running `"docker" "rm" "-f" "ec46070815cbfd7e42c005595112a6ba67f5ed8b25a5db1d7f805ef475cd9f32"`
Dec 01 06:21:55.254 INFO [stdout] ec46070815cbfd7e42c005595112a6ba67f5ed8b25a5db1d7f805ef475cd9f32
Dec 01 06:21:55.257 INFO running `"docker" "create" "-v" "/mnt/big/crater/work/local/target-dirs/beta-1.31-5/worker-3/master#8940af3cea4a9a9deabcaf843b2f8cad9a83fc61:/target:rw,Z" "-v" "/mnt/big/crater/work/local/test-source/worker-3/beta-1.31-5/master#8940af3cea4a9a9deabcaf843b2f8cad9a83fc61:/source:ro,Z" "-v" "/mnt/big/crater/work/local/cargo-home:/cargo-home:ro,Z" "-v" "/mnt/big/crater/work/local/rustup-home:/rustup-home:ro,Z" "-e" "USER_ID=1000" "-e" "SOURCE_DIR=/source" "-e" "USER_ID=1000" "-e" "CMD=cargo +8940af3cea4a9a9deabcaf843b2f8cad9a83fc61-alt test --frozen --no-run" "-e" "CARGO_TARGET_DIR=/target" "-e" "CARGO_INCREMENTAL=0" "-e" "RUST_BACKTRACE=full" "-e" "RUSTFLAGS=--cap-lints=warn" "-e" "CARGO_HOME=/cargo-home" "-e" "RUSTUP_HOME=/rustup-home" "-m" "1536M" "--network" "none" "crater"`
Dec 01 06:21:55.578 INFO [stdout] 2878eb49088eb5afe405bb0695da8d8fd3f156b34e1ce13df95dd56eb4f83703
Dec 01 06:21:55.580 INFO running `"docker" "start" "-a" "2878eb49088eb5afe405bb0695da8d8fd3f156b34e1ce13df95dd56eb4f83703"`
Dec 01 06:21:56.103 INFO [stderr] usermod: no changes
Dec 01 06:21:56.305 INFO [stderr]    Compiling assert_matches v1.2.0
Dec 01 06:21:56.565 INFO [stderr]    Compiling instagram-scraper v0.1.0 (/source)
Dec 01 06:22:02.913 INFO [stderr]     Finished dev [unoptimized + debuginfo] target(s) in 6.79s
Dec 01 06:22:02.933 INFO [stderr] su: No module specific data is present
Dec 01 06:22:03.551 INFO running `"docker" "inspect" "2878eb49088eb5afe405bb0695da8d8fd3f156b34e1ce13df95dd56eb4f83703"`
Dec 01 06:22:03.817 INFO running `"docker" "rm" "-f" "2878eb49088eb5afe405bb0695da8d8fd3f156b34e1ce13df95dd56eb4f83703"`
Dec 01 06:22:03.999 INFO [stdout] 2878eb49088eb5afe405bb0695da8d8fd3f156b34e1ce13df95dd56eb4f83703
Dec 01 06:22:04.005 INFO running `"docker" "create" "-v" "/mnt/big/crater/work/local/target-dirs/beta-1.31-5/worker-3/master#8940af3cea4a9a9deabcaf843b2f8cad9a83fc61:/target:rw,Z" "-v" "/mnt/big/crater/work/local/test-source/worker-3/beta-1.31-5/master#8940af3cea4a9a9deabcaf843b2f8cad9a83fc61:/source:ro,Z" "-v" "/mnt/big/crater/work/local/cargo-home:/cargo-home:ro,Z" "-v" "/mnt/big/crater/work/local/rustup-home:/rustup-home:ro,Z" "-e" "USER_ID=1000" "-e" "SOURCE_DIR=/source" "-e" "USER_ID=1000" "-e" "CMD=cargo +8940af3cea4a9a9deabcaf843b2f8cad9a83fc61-alt test --frozen" "-e" "CARGO_TARGET_DIR=/target" "-e" "CARGO_INCREMENTAL=0" "-e" "RUST_BACKTRACE=full" "-e" "RUSTFLAGS=--cap-lints=warn" "-e" "CARGO_HOME=/cargo-home" "-e" "RUSTUP_HOME=/rustup-home" "-m" "1536M" "--network" "none" "crater"`
Dec 01 06:22:04.397 INFO [stdout] 4163d3123a7eb8f7dae615471345f26f48126abeb5418c0ee7c539973b8aa93e
Dec 01 06:22:04.400 INFO running `"docker" "start" "-a" "4163d3123a7eb8f7dae615471345f26f48126abeb5418c0ee7c539973b8aa93e"`
Dec 01 06:22:05.073 INFO [stderr] usermod: no changes
Dec 01 06:22:05.289 INFO [stderr]     Finished dev [unoptimized + debuginfo] target(s) in 0.19s
Dec 01 06:22:05.323 INFO [stderr]      Running /target/debug/deps/shutter-412a3eabaeedf3b7
Dec 01 06:22:05.335 INFO [stdout] 
Dec 01 06:22:05.335 INFO [stdout] running 4 tests
Dec 01 06:22:05.335 INFO [stdout] test profile::tests::test_from_json_profile ... ok
Dec 01 06:22:05.335 INFO [stdout] test scrape::tests::test_extract_instagram_json_text ... ok
Dec 01 06:22:05.340 INFO [stdout] test scrape::tests::test_get_profile_json_data ... ok
Dec 01 06:22:05.455 INFO [stdout] test profile::tests::test_get_instagram_profile ... FAILED
Dec 01 06:22:05.455 INFO [stdout] 
Dec 01 06:22:05.455 INFO [stdout] failures:
Dec 01 06:22:05.455 INFO [stdout] 
Dec 01 06:22:05.456 INFO [stdout] ---- profile::tests::test_get_instagram_profile stdout ----
Dec 01 06:22:05.456 INFO [stdout] thread 'profile::tests::test_get_instagram_profile' panicked at 'assertion failed: profile.is_ok()', src/profile.rs:102:9
Dec 01 06:22:05.456 INFO [stdout] stack backtrace:
Dec 01 06:22:05.456 INFO [stdout]    0:     0x55787165e30f - std::sys::unix::backtrace::tracing::imp::unwind_backtrace::h3a8b83e1922cbdde
Dec 01 06:22:05.456 INFO [stdout]                                at libstd/sys/unix/backtrace/tracing/gcc_s.rs:49
Dec 01 06:22:05.456 INFO [stdout]    1:     0x557871667bd7 - std::sys_common::backtrace::print::h00d3155a29b4020f
Dec 01 06:22:05.456 INFO [stdout]                                at libstd/sys_common/backtrace.rs:71
Dec 01 06:22:05.456 INFO [stdout]                                at libstd/sys_common/backtrace.rs:59
Dec 01 06:22:05.456 INFO [stdout]    2:     0x5578716626af - std::panicking::default_hook::{{closure}}::hd7465c742e79e1bb
Dec 01 06:22:05.456 INFO [stdout]                                at libstd/panicking.rs:211
Dec 01 06:22:05.456 INFO [stdout]    3:     0x5578716623ae - std::panicking::default_hook::h9e3966f2aa2a6e12
Dec 01 06:22:05.456 INFO [stdout]                                at libstd/panicking.rs:221
Dec 01 06:22:05.456 INFO [stdout]    4:     0x557871662d8e - std::panicking::rust_panic_with_hook::h587f091ae747d080
Dec 01 06:22:05.456 INFO [stdout]                                at libstd/panicking.rs:476
Dec 01 06:22:05.456 INFO [stdout]    5:     0x557871567457 - std::panicking::begin_panic::hbde138b71efceaee
Dec 01 06:22:05.456 INFO [stdout]                                at libstd/panicking.rs:410
Dec 01 06:22:05.456 INFO [stdout]    6:     0x5578711edc66 - shutter::profile::tests::test_get_instagram_profile::hb8b923066313897d
Dec 01 06:22:05.456 INFO [stdout]                                at src/profile.rs:102
Dec 01 06:22:05.456 INFO [stdout]    7:     0x5578711edbc9 - shutter::profile::tests::test_get_instagram_profile::{{closure}}::h86e26f318db2b2e4
Dec 01 06:22:05.456 INFO [stdout]                                at src/profile.rs:99
Dec 01 06:22:05.456 INFO [stdout]    8:     0x5578711e975d - core::ops::function::FnOnce::call_once::hd863cf4d42fc9626
Dec 01 06:22:05.457 INFO [stdout]                                at libcore/ops/function.rs:238
Dec 01 06:22:05.457 INFO [stdout]    9:     0x557871202e1e - <F as alloc::boxed::FnBox<A>>::call_box::hac903f91577a156c
Dec 01 06:22:05.457 INFO [stdout]                                at libtest/lib.rs:1468
Dec 01 06:22:05.457 INFO [stdout]                                at libcore/ops/function.rs:238
Dec 01 06:22:05.457 INFO [stdout]                                at liballoc/boxed.rs:672
Dec 01 06:22:05.457 INFO [stdout]   10:     0x557871672b89 - __rust_maybe_catch_panic
Dec 01 06:22:05.457 INFO [stdout]                                at libpanic_unwind/lib.rs:102
Dec 01 06:22:05.457 INFO [stdout]   11:     0x557871224a72 - std::sys_common::backtrace::__rust_begin_short_backtrace::hb8f0d0309526c184
Dec 01 06:22:05.457 INFO [stdout]                                at libstd/panicking.rs:289
Dec 01 06:22:05.457 INFO [stdout]                                at libstd/panic.rs:392
Dec 01 06:22:05.457 INFO [stdout]                                at libtest/lib.rs:1423
Dec 01 06:22:05.457 INFO [stdout]                                at libstd/sys_common/backtrace.rs:136
Dec 01 06:22:05.457 INFO [stdout]   12:     0x557871225524 - std::panicking::try::do_call::hc2f7c8b9a348d8db
Dec 01 06:22:05.457 INFO [stdout]                                at libstd/thread/mod.rs:409
Dec 01 06:22:05.457 INFO [stdout]                                at libstd/panic.rs:313
Dec 01 06:22:05.457 INFO [stdout]                                at libstd/panicking.rs:310
Dec 01 06:22:05.457 INFO [stdout]   13:     0x557871672b89 - __rust_maybe_catch_panic
Dec 01 06:22:05.457 INFO [stdout]                                at libpanic_unwind/lib.rs:102
Dec 01 06:22:05.457 INFO [stdout]   14:     0x55787121275c - <F as alloc::boxed::FnBox<A>>::call_box::h6bfded618e480b32
Dec 01 06:22:05.457 INFO [stdout]                                at libstd/panicking.rs:289
Dec 01 06:22:05.457 INFO [stdout]                                at libstd/panic.rs:392
Dec 01 06:22:05.457 INFO [stdout]                                at libstd/thread/mod.rs:408
Dec 01 06:22:05.458 INFO [stdout]                                at liballoc/boxed.rs:672
Dec 01 06:22:05.458 INFO [stdout]   15:     0x55787166039d - std::sys_common::thread::start_thread::h4c28257d67cdf9cb
Dec 01 06:22:05.458 INFO [stdout]                                at liballoc/boxed.rs:682
Dec 01 06:22:05.458 INFO [stdout]                                at libstd/sys_common/thread.rs:24
Dec 01 06:22:05.458 INFO [stdout]   16:     0x557871652bc5 - std::sys::unix::thread::Thread::new::thread_start::hfecb2e7eff8fd34f
Dec 01 06:22:05.458 INFO [stdout]                                at libstd/sys/unix/thread.rs:90
Dec 01 06:22:05.458 INFO [stdout]   17:     0x7efc1b1d46b9 - start_thread
Dec 01 06:22:05.458 INFO [stdout]   18:     0x7efc1acf441c - clone
Dec 01 06:22:05.458 INFO [stdout]   19:                0x0 - <unknown>
Dec 01 06:22:05.458 INFO [stdout] 
Dec 01 06:22:05.458 INFO [stdout] 
Dec 01 06:22:05.458 INFO [stdout] failures:
Dec 01 06:22:05.458 INFO [stdout]     profile::tests::test_get_instagram_profile
Dec 01 06:22:05.458 INFO [stdout] 
Dec 01 06:22:05.458 INFO [stdout] test result: FAILED. 3 passed; 1 failed; 0 ignored; 0 measured; 0 filtered out
Dec 01 06:22:05.458 INFO [stdout] 
Dec 01 06:22:05.461 INFO [stderr] error: test failed, to rerun pass '--lib'
Dec 01 06:22:05.463 INFO [stderr] su: No module specific data is present
Dec 01 06:22:06.143 INFO running `"docker" "inspect" "4163d3123a7eb8f7dae615471345f26f48126abeb5418c0ee7c539973b8aa93e"`
Dec 01 06:22:06.359 INFO running `"docker" "rm" "-f" "4163d3123a7eb8f7dae615471345f26f48126abeb5418c0ee7c539973b8aa93e"`
Dec 01 06:22:06.689 INFO [stdout] 4163d3123a7eb8f7dae615471345f26f48126abeb5418c0ee7c539973b8aa93e
